2*s + r, -5*s - 48 = -4*k. Is k a prime number?
True
Suppose 3*h = 803 + 2398. Is h prime?
False
Let l(c) = 1085*c + 53. Is l(6) a composite number?
False
Let p = -7095 - -10504. Is p prime?
False
Suppose 0*z + 3*b = z + 9, 25 = 5*b. Is ((-316)/z)/(10/(-15)) prime?
True
Suppose -2*s + 144 = 3*c, 2*c - 3*c = 2*s - 140. Is s a prime number?
False
Suppose -3*r - 1978 = -0*u - 4*u, 2*u - 982 = -2*r. Is u a prime number?
False
Let c be (-2 + 2 + 71)/1. Suppose -q - 3*f - f + c = 0, 4*q + 4*f - 284 = 0. Is q composite?
False
Let b(v) = -v**2 + v + 251. Is b(0) a prime number?
True
Suppose 5*z + 3533 = 3*r, 5*z = -r - 174 + 1365. Is r composite?
False
Let k = -71 + 78. Is k prime?
True
Let h be 66 + 0/2 + 2. Let n be 4/18 - h/(-18). Suppose n*l - 92 = -0*l. Is l composite?
False
Is -1 - (-2 - 656 - -2) a prime number?
False
Suppose -2*m - m = -1461. Is m a prime number?
True
Suppose 0*f = -f + 127. Is f a composite number?
False
Let n = -1 - 2. Let g be (-103 - 2)*n/9. Is 10/g - 320/(-7) prime?
False
Is (-3 + 2)/(2/(-1346)) composite?
False
Suppose -4*v = -2*v - 902. Is v composite?
True
Let d(c) = -c**3 - 4*c + 10*c + 3*c**2 + 2*c**2. Let x be d(6). Is -13*(x - -1)*-1 a prime number?
True
Let n(j) = -j**3 - 5*j**2 + 2*j - 5. Is n(-6) a composite number?
False
Suppose 0 = -d + 2*m - 281, -277 = d - m - 0*m. Let k = 454 + d. Is k prime?
True
Let z be ((-129)/2 - -1)*-2. Suppose z = 4*o - 3*o. Is o a composite number?
False
Let t = 5 + -1. Suppose n - 665 = -t*n. Is n a composite number?
True
Suppose 2*d + 1 = p + 20, -4*p - 3*d = 21. Is -14*(1 - p/(-2)) composite?
True
Let b(w) = -49*w - 5. Is b(-4) prime?
True
Let v(o) = -4*o + 6*o**3 + 2*o**2 + 0 + o + 1. Is v(2) a prime number?
False
Let y be ((-143)/22)/((-2)/4). Let u = y + 8. Is u a composite number?
True
Let p = -2478 + 5139. Is p prime?
False
Let l(o) = -7 + o**3 + 7*o**2 + 2*o - 2*o. Let i(k) = k - 29. Let c be i(24). Is l(c) a prime number?
True
Let v = 6369 - -1114. Is v prime?
False
Let h(k) = 2*k**2 - 14*k + 13. Let z(l) = -l**2 - 8*l + 2. Let r(t) = -t**2 + 5*t - 7. Let q be r(5). Let a be z(q). Is h(a) prime?
False
Suppose -3*j = 4*i - 879, 5*j - 2*i - 973 = 492. Suppose -4*g + 375 = -5*n, -2*n - j - 85 = -4*g. Is g a prime number?
False
Let a(s) = 3 - 4*s**2 - 6*s - 8*s**2 + 4*s**2 - s**3. Is a(-10) a composite number?
False
Let p = 52 + 22. Is p a composite number?
True
Let y(r) = r**2 + 15*r + 18. Let l be y(-14). Suppose o = 2*f - l*o - 307, 0 = -o + 5. Is f a prime number?
False
Let y(t) = 48*t**2 - t - 32. Is y(5) a composite number?
False
Suppose 0 = 4*s - 3*s - 113. Is s a prime number?
True
Let n(k) = -850*k + 9. Is n(-2) a prime number?
True
Let v(w) be the second derivative of -3*w**3 - 3*w**2/2 - 2*w. Is v(-3) composite?
True
Suppose 16122 + 3550 = 8*a. Is a a prime number?
True
Let o(d) = d**3 - 7*d**2 + 9*d - 3. Let j be o(6). Let u be j/6*8/10. Suppose 0 = m - u*m + 33. Is m composite?
True
Suppose 3*f = 4*c + 4*f - 47, -4*c = -5*f - 53. Let v = -6 + 8. Suppose -k + 26 = -s + 4*s, v*s = -2*k + c. Is s a prime number?
False
Let n(g) = -g**3 - 6*g**2 - 2*g - 5. Let p be n(-6). Suppose p*l = 3*l - 1120. Is (2/(-5))/(8/l) composite?
True
Let u be (2 - (-13)/(-3))*-18. Suppose 0 = -5*h + w + u, -h + 3*w - 26 = -5*h. Let k(y) = y**3 - 8*y**2 + 4*y + 6. Is k(h) composite?
True
Let q = 13 + -9. Let j be q/22 + 31/11. Suppose j*f = 5*v - 159, 4*v + v + 3*f - 171 = 0. Is v a composite number?
True
Let u(w) = -2*w**2 + 1. Let g be u(1). Is (g - 184)*(4 + -5) a composite number?
True
Suppose -3*q + 69 = 3*t, -2*q = t + 3*q - 11. Is t/2*(-10)/(-2) a prime number?
False
Suppose 3*h - 3*w + 7*w = -2492, 4*h + 2*w + 3316 = 0. Let q be (-1)/5 + h/(-15). Let v = -24 + q. Is v composite?
False
Suppose 2*d + 34 + 20 = 0. Let q = 154 + d. Is q a prime number?
True
Suppose 4*o = 2*o + 818. Is o a prime number?
True
Suppose 3*g + 447 + 124 = o, -4*o + 2292 = -4*g. Let k = -281 + o. Is k composite?
False
Let l(h) = -h**3 + 8*h**2 - h + 7. Let x be l(8). Let z(n) = -n**3. Let j be z(x). Suppose -2*m + 9 = j. Is m a composite number?
True
Let d be (-8)/10*65/2. Is (-1833)/d*2/3 prime?
True
Suppose -11 = -3*v + 1. Let r = v - -15. Is r a composite number?
False
Suppose -4*n + 12234 = -11794. Is n composite?
False
Let g be (72/60)/(2/35). Is g/2*(-4)/(-6) a composite number?
False
Let p be (-27)/21 + (-6)/(-21). Let b be (-5)/(9/(-6) - p). Is (-5)/b - (-262)/4 a prime number?
False
Suppose 3*d = d + 2098. Is d a prime number?
True
Let o(s) = s**3 - 3*s**2 - 5*s + 1. Let m be o(5). Let h = m - 44. Let g = -11 - h. Is g prime?
True
Suppose 0 = 4*o - 70 + 22. Let f = 26 - o. Let c = f - -19. Is c a composite number?
True
Let l be (-42)/9*6/(-4). Let t(p) = -4*p**2 + 6 + p**3 - 2*p**2 - p + l*p. Is t(5) composite?
False
Let b(s) = -s**3 + s + 1. Let o be b(2). Let l(h) = -h**3 - 4*h**2 + 7*h + 7. Let v be l(o). Is 2 + v + 1 + 53 prime?
True
Suppose -3*j + 102 = -j. Is j composite?
True
Suppose -5*a - 3*j = -0*a - 3502, -a = -4*j - 705. Is a a prime number?
True
Let r = -1 + 5. Is 251*r*4/16 prime?
True
Suppose -b = -0*b. Suppose p + 4*p = b. Suppose -2*i + p*i = -166. Is i composite?
False
Let a(t) = 7*t + 8*t**2 - 3*t**2 + 2 + 2. Let r be a(-4). Suppose -2*q - 2*q = -r. Is q a composite number?
True
Let p be (24/30)/(2/25). Suppose 3*g - 3*a = 16 + 2, 0 = 5*g + 5*a - p. Is (55 - -1) + g + -5 a composite number?
True
Suppose -c - 5*h + 326 = -0*h, 5*c - 2*h = 1711. Is c a composite number?
True
Let q = 7 + -2. Let a = 4 - q. Is (a - -3)*154/4 a prime number?
False
Let b = -61 - -116. Suppose 4*l + 3*d = -b, l + 20 = -d + 5. Let a = 47 + l. Is a composite?
False
Suppose 5 = 5*v, -r + v = 2*v - 608. Suppose -n = 2*n + 5*j - 389, -2*j - r = -5*n. Is n a composite number?
True
Is (12/4 - -388) + 4 prime?
False
Suppose 0 = 3*k + 1336 - 3343. Is k a prime number?
False
Let d = -4 + 5. Is (-57)/1*d/(-3) a prime number?
True
Let t be (-56)/(-26) + (-8)/52. Suppose 5*f - 59 = -t*a, 4*f - 99 = 2*a - 5*a. Is a a prime number?
True
Let w = 8182 + -3461. Is w prime?
True
Suppose -500 = -4*k + 4*o + o, 0 = 4*o. Suppose 0*b = -5*b + k. Is b composite?
True
Let d(j) = -j**3 - 6*j**2 - 6*j - 5. Let r be d(-5). Let a be (0/(r - -2))/(-2). Is 69/(3 + a) - 0 a prime number?
True
Let k(f) = -f**3 + 13*f**2 - 15*f + 12. Is k(11) composite?
False
Let l(u) = -3*u**3 + 3*u**2 + 4*u - 3. Let f be 0/3 + -2 + 16. Suppose -6 - f = 5*x. Is l(x) composite?
True
Suppose -2*h - 2*h + 1788 = 0. Is h composite?
True
Let r = -79 + 364. Suppose -o + 6*o = r. Is o a composite number?
True
Suppose 3*u - 12343 = -5*a, 2*u + 3*a - 8228 = -0*u. Is u a prime number?
True
Let q = 88 + -23. Is q composite?
True
Suppose -4*x + 518 = 2*l, -l - 776 = -4*l - 5*x. Is l a prime number?
True
Let b(r) = r**3 - 1. Let m = -8 + 8. Let n be b(m). Is 70 + (n - 2 - 0) prime?
True
Suppose -5*u = -u. Suppose 0 = -u*p - 2*p + 46. Is p composite?
False
Let v(w) = -w**2 - 22. Let c be v(0). Is ((-143)/c)/(2/4) a prime number?
True
Let i = 2 - 3. Let r be (6*2)/(2 + i). Is (-4)/r*-1*9 prime?
True
Suppose 154 = 12*x - 10*x. Suppose 0 = -p - 0*g + 3*g + x, -2*g + 252 = 4*p. Is p prime?
False
Suppose r + 0*r = 5. Suppose -r + 1 = -2*v. Suppose 3*t = c + 68, -c = -3*c + v. Is t a composite number?
False
Suppose 0 = 4*i - 2*i + 114. Let w = i + 220. Is w prime?
True
Suppose 3*t + t = -8. Let z = -6 - t. Is (-752)/(-24)*(-6)/z composite?
False
Let h = 4630 - 1731. Is h composite?
True
Let g = 4 + 0. Suppose -1567 = -g*q + 3*v + 76, 0 = 5*q - v - 2062. Is q a prime number?
False
Let k = 117 + 36. Suppose 2*o - 145 = k. Is o a composite number?
False
Suppose 4*j = -3*g - 0*j + 56, -g + 23 = -3*j. Let f be 24/g*(-20)/(-6). Suppose f*p - 173 = 95. Is p a composite number?
False
Let x(c) = 5*c**2 - 9*c + 1. Is x(-9) a composite number?
False
Let r = -21 - 11. Is 4*(-4)/r*194 composite?
False
Let u be (-3336)/4*1/(-3). Suppose -c = 2*n - 107, c + u = 5*n - 0*c. Is n prime?
False
Suppose -3*u + 3*j = 21, -3 = -2*u - 3*j - 2. Is (-231)/u - 12/16 a prime number?
False
Suppose 11 = -u + 2*u. Suppose -3*c + u = 2, -3*c = -4*w + 259. Is w a prime number?
True
Suppose 3*q = -q + 3452. Is q a prime number?
True
Suppose -321 = 4*o + 207. Let w = o - -52. Let u = w + 147. Is u a pri